divisor of 115244 and 564?
188
What is the highest common divisor of 497 and 25063?
71
Calculate the greatest common divisor of 11134 and 95.
19
Calculate the greatest common divisor of 957074 and 106.
106
What is the highest common factor of 99296 and 2262?
58
What is the highest common divisor of 1106685 and 189?
9
What is the greatest common factor of 162 and 1211274?
162
What is the greatest common divisor of 216 and 1889379?
27
Calculate the highest common divisor of 744 and 36642.
186
What is the highest common divisor of 224 and 53816?
56
What is the greatest common divisor of 115686 and 126?
18
What is the greatest common divisor of 22325 and 50?
25
What is the greatest common factor of 666 and 51885?
9
Calculate the greatest common divisor of 2319276 and 68.
68
What is the highest common divisor of 598 and 213187?
299
What is the greatest common factor of 867152 and 880?
176
What is the greatest common divisor of 19128 and 820113?
2391
Calculate the greatest common factor of 96865 and 10.
5
Calculate the greatest common factor of 445 and 934411.
89
What is the greatest common factor of 10309 and 305?
61
What is the greatest common factor of 405 and 874719?
81
Calculate the greatest common factor of 57984 and 7701.
453
Calculate the highest common divisor of 13 and 441259.
13
Calculate the greatest common factor of 2848774 and 206.
206
What is the greatest common factor of 187 and 3509?
11
Calculate the highest common divisor of 2739 and 21450.
33
Calculate the greatest common divisor of 218 and 100171.
109
What is the highest common factor of 217 and 704909?
31
What is the greatest common divisor of 1606 and 1496?
22
Calculate the greatest common factor of 651296 and 32.
32
What is the highest common divisor of 195840 and 1700?
340
What is the greatest common divisor of 5589 and 19297?
23
Calculate the greatest common factor of 18980 and 2080.
260
Calculate the highest common factor of 389644 and 580.
116
Calculate the highest common factor of 7100 and 923.
71
What is the highest common divisor of 366 and 469578?
366
What is the greatest common factor of 15453 and 102?
51
Calculate the highest common factor of 4 and 1161988.
4
Calculate the greatest common factor of 1462133 and 302.
151
Calculate the highest common factor of 376288 and 128.
32
Calculate the highest common divisor of 34 and 119544.
34
Calculate the greatest common factor of 702 and 12816.
18
What is the highest common factor of 1 and 279634?
1
Calculate the highest common divisor of 12535 and 3473.
23
What is the greatest common factor of 7244 and 4?
4
Calculate the greatest common divisor of 5280 and 792.
264
What is the greatest common divisor of 420 and 372852?
12
What is the highest common divisor of 567 and 11907567?
567
What is the greatest common divisor of 114 and 13901502?
114
Calculate the highest common divisor of 454784 and 4896.
544
What is the greatest common divisor of 128152 and 386?
386
What is the highest common factor of 1629 and 1980?
9
Calculate the highest common divisor of 88326 and 252.
126
Calculate the greatest common divisor of 918 and 3402.
54
What is the greatest common divisor of 2177432 and 8?
8
What is the greatest common divisor of 5202 and 72?
18
Calculate the greatest common divisor of 3980 and 310.
10
What is the greatest common divisor of 96 and 2443368?
24
What is the highest common divisor of 335227 and 3794?
271
Calculate the highest common factor of 15735 and 75.
15
What is the greatest common factor of 1989 and 38233?
221
Calculate the greatest common factor of 7015 and 107055.
305
What is the highest common divisor of 84 and 78330?
42
What is the highest common divisor of 1147399 and 22?
11
Calculate the highest common divisor of 2 and 474542.
2
What is the highest common factor of 367 and 633442?
367
What is the greatest common factor of 13990 and 1512319?
1399
Calculate the greatest common factor of 174 and 2119233.
87
Calculate the highest common divisor of 1144 and 1166.
22
What is the highest common factor of 169785 and 135?
45
What is the greatest common factor of 135 and 77085?
135
Calculate the highest common factor of 190853 and 3047.
277
Calculate the highest common divisor of 61 and 1897466.
61
What is the highest common factor of 1278012 and 264?
12
Calculate the greatest common divisor of 1290721 and 41.
41
What is the highest common factor of 233970 and 11?
11
Calculate the highest common divisor of 22 and 32098.
22
What is the highest common divisor of 1156 and 2767175?
289
What is the greatest common divisor of 308152 and 104?
104
Calculate the greatest common factor of 1187742 and 6.
6
Calculate the greatest common factor of 3237 and 1743.
249
What is the highest common factor of 21775 and 575?
25
What is the greatest common factor of 1073 and 8671?
29
Calculate the greatest common divisor of 18739 and 7.
7
What is the highest common divisor of 373328 and 16?
16
What is the highest common divisor of 8892 and 864?
36
Calculate the highest common divisor of 175969 and 596.
149
What is the greatest common divisor of 1755 and 65880?
135
Calculate the highest common factor of 3294 and 933300.
1098
What is the highest common divisor of 811440 and 63?
63
Calculate the greatest common divisor of 17728 and 96.
32
What is the highest common factor of 14 and 137578?
14
What is the highest common divisor of 110400 and 40?
40
Calculate the greatest common divisor of 481893 and 29.
29
Calculate the greatest common divisor of 595 and 3893.
17
What is the greatest common divisor of 238 and 9317?
7
Calculate the greatest common divisor of 66612 and 117.
39
What is the greatest common factor of 540464 and 442?
34
Calculate the greatest common factor of 2492 and 756.
28
Calculate the highest common divisor of 1227179 and 136.
17
Calculate the highest common factor of 681 and 6.
3
What is the greatest common divisor of 322956 and 90?
18
What is the greatest common divisor of 33808 and 965641?
2113
What is the greatest common factor of 6715 and 2635?
85
Calculate the greatest common divisor of 11328 and 2496.
192
What is the greatest common factor of 168 and 465066?
42
Calculate the highest common factor of 725 and 551.
29
Calculate the greatest common divisor of 39577 and 19.
19
Calculate the greatest common divisor of 202386 and 1780.
178
Calculate the highest common factor of 11913 and 363.
33
What is the highest common factor of 42 and 5810574?
42
Calculate the highest common factor of 19928 and 3384.
376
What is the greatest common factor of 13845 and 542085?
1065
What is the highest common factor of 330 and 29634?
66
What is the greatest common divisor of 105 and 390579?
21
Calculate the highest common divisor of 840 and 19670.
70
Calculate the greatest common divisor of 28 and 324114.
14
What is the greatest common factor of 16833 and 744?
93
Calculate the greatest common divisor of 17 and 863413.
17
What is the greatest common factor of 60 and 3684?
12
Calculate the greatest common divisor of 1875246 and 318.
318
What is the highest common factor of 59952 and 152?
8
Calculate the greatest common factor of 834350 and 205.
205
What is the highest common divisor of 91955 and 331385?
1735
What is the greatest common divisor of 99 and 248688?
99
What is the greatest common divisor of 6324 and 1886133?
1581
Calculate the highest common factor of 394 and 749191.
197
Calculate the highest common divisor of 7599 and 204.
51
What is the greatest common factor of 888 and 2292?
12
What is the highest common factor of 7632 and 539116?
212
What is the greatest common factor of 4 and 13876?
4
What is the highest common factor of 114565 and 25?
5
What is the highest common factor of 39 and 133094?
13
What is the greatest common factor of 2988 and 24?
12
What is the highest common factor of 425 and 69?
1
Calculate the greatest common divisor of 1035 and 1503.
9
Calculate the highest common factor of 6240 and 67470.
390
Calculate the greatest common factor of 5276116 and 268.
268
What is the greatest common factor of 13429 and 20306?
13
What is the greatest common factor of 675 and 22725?
225
Calculate the highest common factor of 62 and 2109426.
62
What is the highest common factor of 464 and 153888?
16
Calculate the highest common di